 common divisor of 137290 and 1735.
5
What is the highest common factor of 53 and 1722023477?
53
What is the highest common divisor of 5297266 and 36814?
158
What is the greatest common divisor of 68943 and 5817?
21
Calculate the highest common divisor of 92846779 and 6019.
463
Calculate the greatest common divisor of 252846 and 13860.
198
What is the greatest common divisor of 2940 and 6267590?
490
What is the highest common factor of 51 and 555092313?
51
What is the greatest common factor of 1942389 and 1069263?
6327
What is the highest common factor of 152598186 and 195?
39
Calculate the highest common factor of 90 and 20933730.
90
Calculate the greatest common divisor of 87544 and 29583518.
706
What is the highest common divisor of 134932 and 271444?
316
What is the highest common divisor of 17 and 134266?
17
What is the greatest common divisor of 1028 and 17072767?
257
Calculate the highest common factor of 3090544 and 63688.
3352
What is the highest common divisor of 1209 and 2786667?
39
Calculate the highest common divisor of 10169824 and 840.
56
Calculate the greatest common factor of 2241 and 77300307.
747
What is the highest common factor of 107152 and 45029?
37
What is the highest common factor of 29083 and 847471?
127
What is the greatest common divisor of 33879160 and 1120?
280
What is the highest common factor of 73 and 83110427?
73
What is the highest common factor of 5789154 and 406?
406
What is the highest common divisor of 31130595 and 120?
15
Calculate the greatest common factor of 20 and 1015293410.
10
Calculate the highest common factor of 1756964 and 20075.
803
Calculate the greatest common divisor of 7163373 and 1288.
161
What is the highest common divisor of 702870 and 40?
10
What is the highest common divisor of 52 and 98023081?
13
Calculate the greatest common factor of 9861236 and 14.
14
Calculate the highest common divisor of 4838 and 281518382.
4838
What is the greatest common factor of 6234 and 252?
6
Calculate the highest common factor of 3225 and 524579145.
645
Calculate the highest common factor of 19832619 and 8451.
939
Calculate the greatest common factor of 2211525 and 1575.
225
Calculate the greatest common factor of 23634 and 2675894.
2626
What is the highest common factor of 4735052 and 186204?
1052
What is the greatest common factor of 30434546 and 164?
82
What is the highest common divisor of 288 and 60525344?
32
What is the highest common divisor of 121 and 732906196?
121
What is the greatest common factor of 520 and 1057368?
104
Calculate the greatest common divisor of 85 and 31667260.
85
What is the greatest common divisor of 39820 and 29304?
44
What is the greatest common factor of 92545 and 111635?
415
Calculate the greatest common divisor of 9 and 136651743.
9
Calculate the highest common factor of 8 and 3953756.
4
What is the greatest common factor of 48 and 207337656?
24
What is the greatest common factor of 17371 and 27525847?
599
What is the greatest common factor of 3626392 and 1001?
77
What is the greatest common factor of 44896658 and 56899?
3347
Calculate the highest common divisor of 48994 and 363154.
374
Calculate the highest common factor of 128 and 28159424.
64
Calculate the highest common factor of 10120 and 185100872.
2024
Calculate the highest common factor of 60318 and 199866.
6
Calculate the greatest common divisor of 7614 and 1288386.
162
Calculate the highest common divisor of 3042 and 1724112.
234
Calculate the highest common divisor of 561570 and 7530.
30
What is the highest common divisor of 268554 and 127119003?
10329
What is the highest common divisor of 858277116 and 36?
36
What is the greatest common divisor of 6336060 and 195?
15
What is the greatest common factor of 839317 and 4847?
131
Calculate the highest common divisor of 34663647 and 3418.
1709
Calculate the highest common factor of 873 and 15917409.
873
Calculate the highest common factor of 29263905 and 385.
55
Calculate the greatest common divisor of 143633358 and 1782.
594
Calculate the highest common factor of 534561430 and 4420.
2210
Calculate the highest common divisor of 252348 and 5100.
204
What is the highest common divisor of 2862 and 13271499?
27
Calculate the greatest common divisor of 156 and 10445513.
13
Calculate the highest common divisor of 924 and 312401859.
231
Calculate the greatest common factor of 7080 and 43011.
177
What is the greatest common factor of 47399 and 1776698?
1529
Calculate the highest common divisor of 42886 and 281506.
82
Calculate the greatest common divisor of 232410 and 325120.
1270
Calculate the highest common divisor of 235329 and 9318027.
5007
Calculate the highest common divisor of 30149566 and 302.
302
What is the greatest common factor of 1074367 and 10633?
217
What is the greatest common factor of 72114 and 334390?
238
Calculate the highest common factor of 3555 and 157921395.
1185
What is the highest common divisor of 8077 and 303728?
41
Calculate the greatest common divisor of 22 and 1218351046.
22
Calculate the greatest common factor of 25987 and 271864.
1999
What is the highest common factor of 23730642 and 33969?
507
What is the highest common divisor of 611 and 2658721?
13
What is the greatest common factor of 2374641 and 15?
3
What is the highest common factor of 10878 and 1117102?
98
What is the highest common divisor of 46 and 116080126?
46
Calculate the greatest common factor of 3227 and 8092.
7
What is the highest common divisor of 6354 and 22592?
706
Calculate the greatest common divisor of 2680 and 4824670.
670
What is the greatest common factor of 48 and 6845912?
8
What is the highest common factor of 1003 and 2083775?
17
What is the greatest common divisor of 10132565 and 70?
5
What is the greatest common divisor of 2057 and 136039321?
187
Calculate the highest common divisor of 9 and 1379556.
9
Calculate the highest common divisor of 226979 and 435311.
643
What is the highest common divisor of 209842 and 6112186?
478
Calculate the highest common factor of 99440 and 284534.
226
What is the highest common divisor of 44 and 11589633?
11
Calculate the greatest common divisor of 2472382 and 1886.
82
Calculate the greatest common divisor of 2088 and 694608.
696
Calculate the greatest common factor of 2904154 and 1540.
22
Calculate the greatest common divisor of 88549708 and 52.
52
What is the highest common divisor of 10166 and 1330550?
598
What is the greatest common factor of 25587 and 19269?
9
What is the highest common divisor of 79347741 and 2784?
87
What is the greatest common factor of 4747 and 1760949?
47
What is the greatest common factor of 322741 and 85405?
899
Calculate the highest common factor of 16112 and 1000799.
53
Calculate the greatest common divisor of 66172 and 354160.
932
Calculate the highest common factor of 630 and 18587940.
210
Calculate the highest common divisor of 3344989 and 106.
53
Calculate the greatest common divisor of 95 and 1894015.
95
What is the greatest common factor of 1280 and 18697280?
320
Calculate the highest common factor of 332491 and 3262.
233
Calculate the highest common factor of 3912 and 33469116.
1956
Calculate the greatest common factor of 20 and 29094332.
4
Calculate the highest common factor of 2436 and 6594.
42
Calculate the highest common factor of 35100 and 253890.
1170
Calculate the highest common divisor of 411905 and 4160.
65
Calculate the highest common factor of 329394 and 7462.
1066
Calculate the highest common divisor of 24 and 120754524.
12
What is the greatest common factor of 3941371 and 3051671?
8897
Calculate the highest common factor of 89700 and 7701780.
1380
Calculate the highest common divisor of 46192 and 19216.
16
Calculate the highest common factor of 5038 and 1560482.
22
Calculate the highest common factor of 175550268 and 60.
12
What is the greatest common factor of 18009 and 66240?
207
Calculate the greatest common factor of 8 and 59979272.
8
What is the highest common divisor of 1420 and 72692995?
355
Calculate the greatest common divisor of 59589285 and 6510.
3255
Calculate the highest common factor of 15550 and 891326.
622
What is the greatest common divisor of 1931096 and 36616?
1592
Calculate the greatest common factor of 324 and 521919.
9
What is the greatest common fa